
{"id":3355,"date":"2023-05-01T13:40:58","date_gmt":"2023-05-01T16:40:58","guid":{"rendered":"http:\/\/www.nuted.ufrgs.br\/?page_id=3355"},"modified":"2024-04-25T21:11:40","modified_gmt":"2024-04-26T00:11:40","slug":"livros-publicados","status":"publish","type":"page","link":"http:\/\/nuted.ufrgs.br\/wordpress\/livros-publicados\/","title":{"rendered":"Livros Publicados"},"content":{"rendered":"\t\t<div data-elementor-type=\"wp-page\" data-elementor-id=\"3355\" class=\"elementor elementor-3355\">\n\t\t\t\t\t\t\t\t\t<section class=\"elementor-section elementor-top-section elementor-element elementor-element-befcac2 elementor-section-boxed elementor-section-height-default elementor-section-height-default gs-locked-section-no\" data-id=\"befcac2\" data-element_type=\"section\" data-settings=\"{&quot;background_background&quot;:&quot;classic&quot;}\">\n\t\t\t\t\t\t<div class=\"elementor-container elementor-column-gap-wider\">\n\t\t\t\t\t<div class=\"elementor-column elementor-col-100 elementor-top-column elementor-element elementor-element-5d439bb\" data-id=\"5d439bb\" data-element_type=\"column\">\n\t\t\t<div class=\"elementor-widget-wrap elementor-element-populated\">\n\t\t\t\t\t\t\t\t<section class=\"elementor-section elementor-inner-section elementor-element elementor-element-fa06319 elementor-section-boxed elementor-section-height-default elementor-section-height-default gs-locked-section-no\" data-id=\"fa06319\" data-element_type=\"section\">\n\t\t\t\t\t\t<div class=\"elementor-container elementor-column-gap-default\">\n\t\t\t\t\t<div class=\"elementor-column elementor-col-50 elementor-inner-column elementor-element elementor-element-213cc3b\" data-id=\"213cc3b\" data-element_type=\"column\">\n\t\t\t<div class=\"elementor-widget-wrap elementor-element-populated\">\n\t\t\t\t\t\t\t\t<div class=\"elementor-element elementor-element-ce9dcad elementor-widget elementor-widget-image\" data-id=\"ce9dcad\" data-element_type=\"widget\" data-widget_type=\"image.default\">\n\t\t\t\t<div class=\"elementor-widget-container\">\n\t\t\t<style>\/*! elementor - v3.11.5 - 14-03-2023 *\/\n.elementor-widget-image{text-align:center}.elementor-widget-image a{display:inline-block}.elementor-widget-image a img[src$=\".svg\"]{width:48px}.elementor-widget-image img{vertical-align:middle;display:inline-block}<\/style>\t\t\t\t\t\t\t\t\t\t\t\t<img decoding=\"async\" width=\"138\" height=\"200\" src=\"http:\/\/nuted.ufrgs.br\/wordpress\/wp-content\/uploads\/2023\/05\/livro-competencias-2022-138x200-1.png\" class=\"attachment-full size-full wp-image-3357\" alt=\"\" loading=\"lazy\" \/>\t\t\t\t\t\t\t\t\t\t\t\t\t\t\t<\/div>\n\t\t\t\t<\/div>\n\t\t\t\t<div class=\"elementor-element elementor-element-1832691 elementor-widget elementor-widget-text-editor\" data-id=\"1832691\" data-element_type=\"widget\" data-widget_type=\"text-editor.default\">\n\t\t\t\t<div class=\"elementor-widget-container\">\n\t\t\t<style>\/*! elementor - v3.11.5 - 14-03-2023 *\/\n.elementor-widget-text-editor.elementor-drop-cap-view-stacked .elementor-drop-cap{background-color:#818a91;color:#fff}.elementor-widget-text-editor.elementor-drop-cap-view-framed .elementor-drop-cap{color:#818a91;border:3px solid;background-color:transparent}.elementor-widget-text-editor:not(.elementor-drop-cap-view-default) .elementor-drop-cap{margin-top:8px}.elementor-widget-text-editor:not(.elementor-drop-cap-view-default) .elementor-drop-cap-letter{width:1em;height:1em}.elementor-widget-text-editor .elementor-drop-cap{float:left;text-align:center;line-height:1;font-size:50px}.elementor-widget-text-editor .elementor-drop-cap-letter{display:inline-block}<\/style>\t\t\t\t<h4>Compet\u00eancias Digitais em Educa\u00e7\u00e3o: do conceito \u00e0 pr\u00e1tica<br \/>Autor: Ketia Kellen &#8211; Ano de Publica\u00e7\u00e3o: 2022.<\/h4>\t\t\t\t\t\t<\/div>\n\t\t\t\t<\/div>\n\t\t\t\t<div class=\"elementor-element elementor-element-d30f006 elementor-widget elementor-widget-text-editor\" data-id=\"d30f006\" data-element_type=\"widget\" data-widget_type=\"text-editor.default\">\n\t\t\t\t<div class=\"elementor-widget-container\">\n\t\t\t\t\t\t\t<p>Compet\u00eancias Digitais em Educa\u00e7\u00e3o: do conceito \u00e0 pr\u00e1tica, organizado por Patricia Alejandra Behar e Ketia Kellen Ara\u00fajo da Silva, \u00e9 o registro das pesquisas subre o tema que v\u00eam sendo desenvalvidas no N\u00facleo de Tecnologia Digital Aplicado \u00e0 Educa\u00e7\u00e3o (NUTED\/UFRGS). Nos v\u00e1rios cap\u00edtulos, voc\u00ea encontra elaboradas discuss\u00f5es te\u00f3ricas; ricos frameworks desenvolvidos pelos pesquisadores; indica\u00e7\u00f5es para a avalia\u00e7\u00e3o de compet\u00eancias digitais; foco em alunos, professores e outros atores; orienta\u00e7\u00f5es para a escrita coletiva digital: dentre outros temas. Voc\u00ea tamb\u00e9m ser\u00e1 apresentado a conceitos desenvalvidos pelo grupo, como sujeito mobie e cyberseniors. Uma das aplicag\u00f5es das compet\u00eancias digitais ainda carente de material de apoio te\u00e1rico \u00e9 a Educa\u00e7\u00e3o a Dist\u00e2ncia (EaD). Este livro se aprofunda n\u00e3o apenas na discuss\u00e3o sobre as compet\u00eancias digitais na EaD, mas apresenta tamb\u00e9m um framework para esse prop\u00f3sita. Compet\u00eancias Digitais em Educa\u00e7\u00e3o: do conceito \u00e0 pr\u00e1tica \u00e9 ao mesmo tempo uma introdu\u00e7\u00e3o ao tema para os novatos e um aprofundamento da teoria e da pr\u00e1tica para os mais experientes. Uma obra de refer\u00eancia sobre compet\u00eancias digitais na educa\u00e7\u00e3o.<\/p>\t\t\t\t\t\t<\/div>\n\t\t\t\t<\/div>\n\t\t\t\t\t<\/div>\n\t\t<\/div>\n\t\t\t\t<div class=\"elementor-column elementor-col-50 elementor-inner-column elementor-element elementor-element-216bb1a\" data-id=\"216bb1a\" data-element_type=\"column\">\n\t\t\t<div class=\"elementor-widget-wrap elementor-element-populated\">\n\t\t\t\t\t\t\t\t<div class=\"elementor-element elementor-element-735326e elementor-widget elementor-widget-image\" data-id=\"735326e\" data-element_type=\"widget\" data-widget_type=\"image.default\">\n\t\t\t\t<div class=\"elementor-widget-container\">\n\t\t\t\t\t\t\t\t\t\t\t\t\t\t\t<img decoding=\"async\" width=\"829\" height=\"1200\" src=\"http:\/\/nuted.ufrgs.br\/wordpress\/wp-content\/uploads\/2023\/05\/1004520_recomendacao-pedag-em-educacao-a-distancia9788584291571_z1_636790213848465653.jpg\" class=\"attachment-full size-full wp-image-3358\" alt=\"\" loading=\"lazy\" srcset=\"http:\/\/nuted.ufrgs.br\/wordpress\/wp-content\/uploads\/2023\/05\/1004520_recomendacao-pedag-em-educacao-a-distancia9788584291571_z1_636790213848465653.jpg 829w, http:\/\/nuted.ufrgs.br\/wordpress\/wp-content\/uploads\/2023\/05\/1004520_recomendacao-pedag-em-educacao-a-distancia9788584291571_z1_636790213848465653-207x300.jpg 207w, http:\/\/nuted.ufrgs.br\/wordpress\/wp-content\/uploads\/2023\/05\/1004520_recomendacao-pedag-em-educacao-a-distancia9788584291571_z1_636790213848465653-707x1024.jpg 707w, http:\/\/nuted.ufrgs.br\/wordpress\/wp-content\/uploads\/2023\/05\/1004520_recomendacao-pedag-em-educacao-a-distancia9788584291571_z1_636790213848465653-768x1112.jpg 768w\" sizes=\"(max-width: 829px) 100vw, 829px\" \/>\t\t\t\t\t\t\t\t\t\t\t\t\t\t\t<\/div>\n\t\t\t\t<\/div>\n\t\t\t\t<div class=\"elementor-element elementor-element-9e4b6f2 elementor-widget elementor-widget-text-editor\" data-id=\"9e4b6f2\" data-element_type=\"widget\" data-widget_type=\"text-editor.default\">\n\t\t\t\t<div class=\"elementor-widget-container\">\n\t\t\t\t\t\t\t<h4>Recomenda\u00e7\u00e3o Pedag\u00f3gica em Educa\u00e7\u00e3o a Dist\u00e2ncia<br \/>Autor: Patricia Behar &#8211; Ano de Publica\u00e7\u00e3o: 2019<\/h4>\t\t\t\t\t\t<\/div>\n\t\t\t\t<\/div>\n\t\t\t\t<div class=\"elementor-element elementor-element-3324150 elementor-widget elementor-widget-text-editor\" data-id=\"3324150\" data-element_type=\"widget\" data-widget_type=\"text-editor.default\">\n\t\t\t\t<div class=\"elementor-widget-container\">\n\t\t\t\t\t\t\t<p>Na educa\u00e7\u00e3o a dist\u00e2ncia (EAD), aspectos cognitivos, afetivos e sociais devem ser considerados para que os objetivos dos processos de ensino e de aprendizagem sejam alcan\u00e7ados tanto pelo docente quanto pelo discente. Por isso, a constru\u00e7\u00e3o de ferramentas capazes de mapear os aspectos do perfil do sujeito da EAD e o emprego da recomenda\u00e7\u00e3o pedag\u00f3gica em ambientes virtuais de aprendizagem podem contribuir para que pr\u00e1ticas pedag\u00f3gicas sejam bem-sucedidas. Este livro discute como os sistemas de recomenda\u00e7\u00e3o, ao identificar as prefer\u00eancias, as necessidades e os interesses de alunos e professores, podem favorecer a personaliza\u00e7\u00e3o do ensino, promovendo resultados significativos na EAD.<\/p>\t\t\t\t\t\t<\/div>\n\t\t\t\t<\/div>\n\t\t\t\t\t<\/div>\n\t\t<\/div>\n\t\t\t\t\t\t\t<\/div>\n\t\t<\/section>\n\t\t\t\t<section class=\"elementor-section elementor-inner-section elementor-element elementor-element-dd76eae elementor-section-boxed elementor-section-height-default elementor-section-height-default gs-locked-section-no\" data-id=\"dd76eae\" data-element_type=\"section\">\n\t\t\t\t\t\t<div class=\"elementor-container elementor-column-gap-default\">\n\t\t\t\t\t<div class=\"elementor-column elementor-col-50 elementor-inner-column elementor-element elementor-element-d727fa1\" data-id=\"d727fa1\" data-element_type=\"column\">\n\t\t\t<div class=\"elementor-widget-wrap elementor-element-populated\">\n\t\t\t\t\t\t\t\t<div class=\"elementor-element elementor-element-66d526d elementor-widget elementor-widget-image\" data-id=\"66d526d\" data-element_type=\"widget\" data-widget_type=\"image.default\">\n\t\t\t\t<div class=\"elementor-widget-container\">\n\t\t\t\t\t\t\t\t\t\t\t\t\t\t\t<img decoding=\"async\" width=\"153\" height=\"220\" src=\"http:\/\/nuted.ufrgs.br\/wordpress\/wp-content\/uploads\/2023\/05\/20121210033447_42548_Behar-Competencias_em_EAD_M.jpg\" class=\"attachment-full size-full wp-image-3359\" alt=\"\" loading=\"lazy\" \/>\t\t\t\t\t\t\t\t\t\t\t\t\t\t\t<\/div>\n\t\t\t\t<\/div>\n\t\t\t\t<div class=\"elementor-element elementor-element-55b3bc7 elementor-widget elementor-widget-text-editor\" data-id=\"55b3bc7\" data-element_type=\"widget\" data-widget_type=\"text-editor.default\">\n\t\t\t\t<div class=\"elementor-widget-container\">\n\t\t\t\t\t\t\t<h4>Compet\u00eancias em Educa\u00e7\u00e3o a Dist\u00e2ncia<br \/>Autor: Patricia Behar &#8211; Ano de Publica\u00e7\u00e3o: 2013<\/h4>\t\t\t\t\t\t<\/div>\n\t\t\t\t<\/div>\n\t\t\t\t<div class=\"elementor-element elementor-element-969dd13 elementor-widget elementor-widget-text-editor\" data-id=\"969dd13\" data-element_type=\"widget\" data-widget_type=\"text-editor.default\">\n\t\t\t\t<div class=\"elementor-widget-container\">\n\t\t\t\t\t\t\t<p>O livro \u00e9 o registro das pesquisas sobre o tema que v\u00eam sendo desenvolvidas no N\u00facleo de Tecnologia Digital Aplicado \u00e0 Educa\u00e7\u00e3o (NUTED\/UFRGS). Nos cap\u00edtulos s\u00e3o apresentadas discuss\u00f5es referente as compet\u00eancias digitais na educa\u00e7\u00e3o com foco nos alunos, professores, idosos, crian\u00e7as, entre outros, com indica\u00e7\u00f5es para avalia\u00e7\u00e3o, dentre outros temas.<\/p>\t\t\t\t\t\t<\/div>\n\t\t\t\t<\/div>\n\t\t\t\t\t<\/div>\n\t\t<\/div>\n\t\t\t\t<div class=\"elementor-column elementor-col-50 elementor-inner-column elementor-element elementor-element-367d61b\" data-id=\"367d61b\" data-element_type=\"column\">\n\t\t\t<div class=\"elementor-widget-wrap elementor-element-populated\">\n\t\t\t\t\t\t\t\t<div class=\"elementor-element elementor-element-88f5294 elementor-widget elementor-widget-image\" data-id=\"88f5294\" data-element_type=\"widget\" data-widget_type=\"image.default\">\n\t\t\t\t<div class=\"elementor-widget-container\">\n\t\t\t\t\t\t\t\t\t\t\t\t\t\t\t<img decoding=\"async\" width=\"836\" height=\"1200\" src=\"http:\/\/nuted.ufrgs.br\/wordpress\/wp-content\/uploads\/2023\/05\/988840_modelos-pedagogicos-em-educacao-a-distancia-ebook_z3_636846498481935605.jpg\" class=\"attachment-full size-full wp-image-3360\" alt=\"\" loading=\"lazy\" srcset=\"http:\/\/nuted.ufrgs.br\/wordpress\/wp-content\/uploads\/2023\/05\/988840_modelos-pedagogicos-em-educacao-a-distancia-ebook_z3_636846498481935605.jpg 836w, http:\/\/nuted.ufrgs.br\/wordpress\/wp-content\/uploads\/2023\/05\/988840_modelos-pedagogicos-em-educacao-a-distancia-ebook_z3_636846498481935605-209x300.jpg 209w, http:\/\/nuted.ufrgs.br\/wordpress\/wp-content\/uploads\/2023\/05\/988840_modelos-pedagogicos-em-educacao-a-distancia-ebook_z3_636846498481935605-713x1024.jpg 713w, http:\/\/nuted.ufrgs.br\/wordpress\/wp-content\/uploads\/2023\/05\/988840_modelos-pedagogicos-em-educacao-a-distancia-ebook_z3_636846498481935605-768x1102.jpg 768w\" sizes=\"(max-width: 836px) 100vw, 836px\" \/>\t\t\t\t\t\t\t\t\t\t\t\t\t\t\t<\/div>\n\t\t\t\t<\/div>\n\t\t\t\t<div class=\"elementor-element elementor-element-3728438 elementor-widget elementor-widget-text-editor\" data-id=\"3728438\" data-element_type=\"widget\" data-widget_type=\"text-editor.default\">\n\t\t\t\t<div class=\"elementor-widget-container\">\n\t\t\t\t\t\t\t<h4>Modelos Pedag\u00f3gicos Em Educa\u00e7\u00e3o A Dist\u00e2ncia<br \/>Autor: Patricia Behar &#8211; Ano de Publica\u00e7\u00e3o: 2009<\/h4>\t\t\t\t\t\t<\/div>\n\t\t\t\t<\/div>\n\t\t\t\t<div class=\"elementor-element elementor-element-c6a8fc5 elementor-widget elementor-widget-text-editor\" data-id=\"c6a8fc5\" data-element_type=\"widget\" data-widget_type=\"text-editor.default\">\n\t\t\t\t<div class=\"elementor-widget-container\">\n\t\t\t\t\t\t\t<p><span data-sheets-root=\"1\" data-sheets-value=\"{&quot;1&quot;:2,&quot;2&quot;:&quot;Na educa\u00e7\u00e3o a dist\u00e2ncia (EAD), aspectos cognitivos, afetivos e sociais devem ser considerados \\npara que os objetivos dos processos de ensino e de aprendizagem sejam alcan\u00e7ados tanto pelo docente \\nquanto pelo discente. Por isso, a constru\u00e7\u00e3o de ferramentas capazes de mapear os aspectos do \\nperfil do sujeito da EAD e o emprego da recomenda\u00e7\u00e3o pedag\u00f3gica em ambientes virtuais de aprendizagem podem contribuir para que pr\u00e1ticas pedag\u00f3gicas sejam bem-sucedidas. \\nEste livro discute como os sistemas de recomenda\u00e7\u00e3o, ao identificar as prefer\u00eancias, \\nas necessidades e os interesses de alunos e professores, podem favorecer a personaliza\u00e7\u00e3o do ensino, promovendo resultados significativos na EAD.&quot;}\" data-sheets-userformat=\"{&quot;2&quot;:513,&quot;3&quot;:{&quot;1&quot;:0},&quot;12&quot;:0}\">Na educa\u00e7\u00e3o a dist\u00e2ncia (EAD), aspectos cognitivos, afetivos e sociais devem ser considerados para que os objetivos dos processos de ensino e de aprendizagem sejam alcan\u00e7ados tanto pelo docente quanto pelo discente. Por isso, a constru\u00e7\u00e3o de ferramentas capazes de mapear os aspectos do perfil do sujeito da EAD e o emprego da recomenda\u00e7\u00e3o pedag\u00f3gica em ambientes virtuais de aprendizagem podem contribuir para que pr\u00e1ticas pedag\u00f3gicas sejam bem-sucedidas. <br \/>Este livro discute como os sistemas de recomenda\u00e7\u00e3o, ao identificar as prefer\u00eancias, as necessidades e os interesses de alunos e professores, podem favorecer a personaliza\u00e7\u00e3o do ensino, promovendo resultados significativos na EAD.<\/span><\/p>\t\t\t\t\t\t<\/div>\n\t\t\t\t<\/div>\n\t\t\t\t\t<\/div>\n\t\t<\/div>\n\t\t\t\t\t\t\t<\/div>\n\t\t<\/section>\n\t\t\t\t\t<\/div>\n\t\t<\/div>\n\t\t\t\t\t\t\t<\/div>\n\t\t<\/section>\n\t\t\t\t\t\t\t<\/div>\n\t\t","protected":false},"excerpt":{"rendered":"<p>Compet\u00eancias Digitais em Educa\u00e7\u00e3o: do conceito \u00e0 pr\u00e1ticaAutor: Ketia Kellen &#8211; Ano de Publica\u00e7\u00e3o: 2022. Compet\u00eancias Digitais em Educa\u00e7\u00e3o: do conceito \u00e0 pr\u00e1tica,&#8230;<\/p>\n","protected":false},"author":1,"featured_media":0,"parent":0,"menu_order":0,"comment_status":"closed","ping_status":"closed","template":"","meta":{"_mi_skip_tracking":false},"acf":[],"aioseo_notices":[],"_links":{"self":[{"href":"http:\/\/nuted.ufrgs.br\/wordpress\/wp-json\/wp\/v2\/pages\/3355"}],"collection":[{"href":"http:\/\/nuted.ufrgs.br\/wordpress\/wp-json\/wp\/v2\/pages"}],"about":[{"href":"http:\/\/nuted.ufrgs.br\/wordpress\/wp-json\/wp\/v2\/types\/page"}],"author":[{"embeddable":true,"href":"http:\/\/nuted.ufrgs.br\/wordpress\/wp-json\/wp\/v2\/users\/1"}],"replies":[{"embeddable":true,"href":"http:\/\/nuted.ufrgs.br\/wordpress\/wp-json\/wp\/v2\/comments?post=3355"}],"version-history":[{"count":17,"href":"http:\/\/nuted.ufrgs.br\/wordpress\/wp-json\/wp\/v2\/pages\/3355\/revisions"}],"predecessor-version":[{"id":3816,"href":"http:\/\/nuted.ufrgs.br\/wordpress\/wp-json\/wp\/v2\/pages\/3355\/revisions\/3816"}],"wp:attachment":[{"href":"http:\/\/nuted.ufrgs.br\/wordpress\/wp-json\/wp\/v2\/media?parent=3355"}],"curies":[{"name":"wp","href":"https:\/\/api.w.org\/{rel}","templated":true}]}}